9 divide 3480?
True
Is 48133 a multiple of 379?
True
Is 42 a factor of 210?
True
Is 26 a factor of 32447?
False
Is 911 a multiple of 10?
False
Is 102675 a multiple of 111?
True
Is 61 a multiple of 6?
False
Is 957 a multiple of 90?
False
Is 5 a factor of 828?
False
Does 43 divide 126878?
False
Is 25 a factor of 1334?
False
Does 14 divide 812?
True
Is 80 a factor of 2716?
False
Is 21570 a multiple of 166?
False
Is 10 a factor of 310?
True
Is 161 a multiple of 10?
False
Does 30 divide 540?
True
Is 3 a factor of 536?
False
Is 11 a factor of 34479?
False
Is 8707 a multiple of 13?
False
Is 100 a factor of 7200?
True
Is 43 a factor of 645?
True
Does 12 divide 5706?
False
Does 34 divide 510?
True
Does 21 divide 672?
True
Is 1184 a multiple of 74?
True
Is 373 a factor of 22208?
False
Is 2396 a multiple of 46?
False
Does 31 divide 19220?
True
Is 245 a multiple of 11?
False
Does 9 divide 3033?
True
Is 3572 a multiple of 19?
True
Does 15 divide 1770?
True
Is 82 a factor of 20500?
True
Does 26 divide 961?
False
Is 72891 a multiple of 21?
True
Is 45 a factor of 102465?
True
Is 13 a factor of 301?
False
Does 101 divide 4853?
False
Is 1251 a multiple of 2?
False
Is 1753 a multiple of 7?
False
Is 534 a multiple of 16?
False
Does 3 divide 27462?
True
Is 12 a factor of 3852?
True
Is 24 a factor of 3089?
False
Does 98 divide 7397?
False
Is 7 even?
False
Is 11 a factor of 12775?
False
Is 1723 a multiple of 10?
False
Is 28077 a multiple of 63?
False
Is 70 a multiple of 3?
False
Is 28 a factor of 2380?
True
Is 63 a factor of 4653?
False
Does 87 divide 4708?
False
Is 59 a factor of 2891?
True
Is 53 a factor of 3667?
False
Does 25 divide 950?
True
Is 567 a multiple of 27?
True
Is 18612 a multiple of 53?
False
Is 4 a factor of 231?
False
Is 77 a factor of 6006?
True
Is 23 a factor of 28865?
True
Does 66 divide 3432?
True
Does 14 divide 2115?
False
Is 39 a factor of 630?
False
Is 16882 a multiple of 10?
False
Is 6768 a multiple of 8?
True
Is 30660 a multiple of 21?
True
Is 69 a factor of 4485?
True
Does 19 divide 4142?
True
Is 2134 a multiple of 22?
True
Is 105 a factor of 83790?
True
Is 20 a multiple of 2?
True
Is 16 a factor of 2202?
False
Is 12 a factor of 336?
True
Does 9 divide 522?
True
Is 171 a multiple of 9?
True
Is 93 a factor of 279?
True
Is 73 a multiple of 6?
False
Is 1380 a multiple of 20?
True
Does 47 divide 4136?
True
Is 30 a factor of 12030?
True
Is 33 a factor of 168?
False
Does 134 divide 2680?
True
Is 17 a factor of 1785?
True
Is 42425 a multiple of 4?
False
Does 25 divide 7934?
False
Is 8 a factor of 15027?
False
Does 8 divide 590?
False
Is 71 a factor of 42640?
False
Is 18038 a multiple of 29?
True
Is 145 a factor of 37265?
True
Is 24091 a multiple of 9?
False
Does 8 divide 101?
False
Does 38 divide 1786?
True
Is 31 a factor of 415?
False
Is 7 a factor of 203?
True
Does 3 divide 69?
True
Does 3 divide 17?
False
Is 82 a factor of 1840?
False
Is 1392 a multiple of 6?
True
Is 5940 a multiple of 22?
True
Is 211 a factor of 5535?
False
Does 71 divide 2768?
False
Is 9 a factor of 2572?
False
Is 6 a factor of 900?
True
Does 20 divide 13033?
False
Is 2 a factor of 121?
False
Is 259 a multiple of 2?
False
Is 49 a factor of 95022?
False
Is 4 a factor of 4639?
False
Does 205 divide 46125?
True
Is 71 a factor of 2485?
True
Is 54 a factor of 378?
True
Does 48 divide 11820?
False
Is 360 a multiple of 15?
True
Does 116 divide 145674?
False
Is 15 a factor of 46579?
False
Does 17 divide 137394?
True
Is 7857 a multiple of 27?
True
Is 28280 a multiple of 121?
False
Is 15372 a multiple of 126?
True
Does 96 divide 5763?
False
Is 17011 a multiple of 114?
False
Is 15 a factor of 3930?
True
Does 10 divide 16696?
False
Is 6 a factor of 139?
False
Is 4 a factor of 124?
True
Is 1186 a multiple of 21?
False
Is 348 a multiple of 58?
True
Is 32766 a multiple of 254?
True
Is 264 a multiple of 20?
False
Is 1209 a multiple of 93?
True
Is 11 a factor of 66?
True
Is 8138 a multiple of 28?
False
Is 1078 a multiple of 68?
False
Is 913 even?
False
Does 50 divide 5200?
True
Is 490 a multiple of 18?
False
Does 9 divide 3582?
True
Does 108 divide 4104?
True
Is 230 a multiple of 10?
True
Is 9565 a multiple of 78?
False
Is 848 a multiple of 166?
False
Is 25 a factor of 18324?
False
Is 80183 a multiple of 7?
False
Is 80 a multiple of 40?
True
Is 85 a factor of 27625?
True
Is 16 a factor of 11586?
False
Is 155 a multiple of 24?
False
Is 13288 a multiple of 25?
False
Is 3740 a multiple of 22?
True
Is 1441 a multiple of 9?
False
Is 506 a multiple of 20?
False
Does 157 divide 4239?
True
Does 40 divide 360?
True
Is 13 a factor of 637?
True
Does 14 divide 518?
True
Is 111 a multiple of 10?
False
Is 2784 a multiple of 4?
True
Is 37772 a multiple of 10?
False
Does 276 divide 97704?
True
Is 11 a factor of 33102?
False
Is 1088 a multiple of 68?
True
Is 1459 a multiple of 15?
False
Is 709 a multiple of 81?
False
Is 7 a factor of 2299?
False
Is 19 a factor of 57795?
False
Is 902 a multiple of 8?
False
Is 297 a multiple of 9?
True
Is 3 a factor of 69?
True
Is 5 a factor of 1025?
True
Is 19 a factor of 7331?
False
Is 114 a multiple of 17?
False
Is 190 even?
True
Is 9 a factor of 2412?
True
Is 1508 a multiple of 10?
False
Is 1104 a multiple of 62?
False
Is 59 a multiple of 2?
False
Does 20 divide 8107?
False
Is 60 a factor of 14658?
False
Does 98 divide 247?
False
Is 496 a multiple of 20?
False
Does 5 divide 29480?
True
Does 31 divide 248?
True
Is 32 a factor of 288?
True
Does 9 divide 2966?
False
Is 1968 a multiple of 24?
True
Is 656 a multiple of 11?
False
Does 34 divide 2074?
True
Does 12 divide 1418?
False
Is 808 a multiple of 124?
False
Is 2192 a multiple of 13?
False
Does 5 divide 45?
True
Is 1005 a multiple of 67?
True
Is 140 a multiple of 16?
False
Does 161 divide 19320?
True
Does 5 divide 386?
False
Does 231 divide 51051?
True
Is 3008 a multiple of 123?
False
Does 44 divide 572?
True
Does 24 divide 36401?
False
Is 63 a factor of 378?
True
Is 334 a multiple of 21?
False
Is 5508 a multiple of 9?
True
Does 72 divide 432?
True
Does 18 divide 2286?
True
Does 67 divide 469?
True
Is 9 a factor of 3393?
True
Does 177 divide 11505?
True
Does 17 divide 803?
False
Does 2 divide 6880?
True
Does 18 divide 1566?
True
Is 41 a factor of 2009?
True
Is 5075 a multiple of 5?
True
Does 21 divide 17283?
True
Does 12 divide 990?
False
Does 68 divide 10529?
False
Does 12 divide 83?
False
Is 1102 a multiple of 19?
True
Is 5 a factor of 1123?
False
Is 14 a factor of 504?
True
Is 47568 a multiple of 160?
False
Is 2187 a multiple of 81?
True
Is 99281 a multiple of 13?
True
Is 48 a factor of 731?
False
Does 41 divide 18184?
False
Does 183 divide 5752?
False
Does 43 divide 49829?
False
Is 30760 a multiple of 32?
False
Is 730 a multiple of 10?
True
Is 343 a multiple of 49?
True
Is 6 a factor of 1434?
True
Is 8 a factor of 4309?
False
Does 12 divide 879?
False
Is 86 a factor of 1290?
True
Does 19 divide 1729?
True
Does 20 divide 440?
True
Does 29 divide 13717?
True
Does 33 divide 11253?
True
Does 40 divide 2040?
True
Is 19 a factor of 15347?
False
Does 16 divide 574?
False
Is 10 a factor of 390?
True
Does 5 divide 40182?
False
Is 5 a factor of 1012?
False
Is 5 a factor of 3201?
False
Is 1456 a multiple of 28?
True
Is 672 a multiple of 28?
True
Is 131 a factor of 4847?
True
Is 7 a factor of 1357?
False
Is 22 a factor of 110?
True
Is 13625 a multiple of 25?
True
Does 65 divide 3503?
False
Is 902 a multiple of 82?
True
Is 16 a factor of 2855?
False
Is 6 a factor of 15831?
False
Is 17 a factor of 3015?
False
Is 61 a multiple of 2?
False
Is 330 a multiple of 22?
True
Is 28 a factor of 3528?
True
Is 68169 a multiple of 187?
False
Does 48 divide 12583?
False
Does 10 divide 830?
True
Is 6958 a multiple of 14?
True
Is 163 a factor of 3638?
False
Is 500 a multiple of 25?
True
Is 26 a factor of 390?
True
Does 49 divide 221?
False
Is 321 a multiple of 27?
False
Is 6 a factor of 468?
True
Does 205 divide 6970?
True
Is 129 a factor of 9074?
False
Is 89 a factor of 53205?
False
Is 20 a factor of 3555?
False
Does 193 divide 16405?
True
Does 15 divide 59830?
False
Is 27104 a multiple of 77?
True
Does 10 divide 15929?
False
Is 4921 a multiple of 2?
False
Does 17 divide 3332?
True
Is 6 a factor of 852?
True
Is 21 a factor of 2096?
False
Is 25